inder when 9737 is divided by 195.
182
What is the remainder when 1747 is divided by 526?
169
What is the remainder when 1758 is divided by 492?
282
What is the remainder when 24287 is divided by 24159?
128
Calculate the remainder when 3821 is divided by 67.
2
What is the remainder when 419404 is divided by 83879?
9
What is the remainder when 4284 is divided by 327?
33
Calculate the remainder when 7856 is divided by 874.
864
What is the remainder when 86754 is divided by 9639?
3
Calculate the remainder when 2488 is divided by 118.
10
What is the remainder when 28779 is divided by 587?
16
Calculate the remainder when 44009 is divided by 530.
19
Calculate the remainder when 85499 is divided by 32.
27
Calculate the remainder when 5459 is divided by 15.
14
Calculate the remainder when 4316 is divided by 2074.
168
What is the remainder when 14659 is divided by 490?
449
What is the remainder when 1278549 is divided by 21309?
9
What is the remainder when 50430 is divided by 37?
36
What is the remainder when 22246 is divided by 37?
9
What is the remainder when 519172 is divided by 141?
10
What is the remainder when 114029 is divided by 181?
180
Calculate the remainder when 150802 is divided by 4.
2
What is the remainder when 9858 is divided by 215?
183
Calculate the remainder when 365 is divided by 7.
1
What is the remainder when 3228 is divided by 887?
567
Calculate the remainder when 6142 is divided by 55.
37
What is the remainder when 3218 is divided by 1541?
136
Calculate the remainder when 466 is divided by 65.
11
Calculate the remainder when 32244 is divided by 16066.
112
What is the remainder when 11398 is divided by 228?
226
What is the remainder when 64693 is divided by 221?
161
What is the remainder when 101189 is divided by 784?
53
Calculate the remainder when 16931 is divided by 87.
53
What is the remainder when 67619 is divided by 161?
160
Calculate the remainder when 104 is divided by 102.
2
Calculate the remainder when 1290645 is divided by 397.
395
What is the remainder when 10051 is divided by 2009?
6
Calculate the remainder when 31422 is divided by 108.
102
Calculate the remainder when 5526 is divided by 321.
69
What is the remainder when 18357 is divided by 193?
22
What is the remainder when 9829 is divided by 281?
275
What is the remainder when 636 is divided by 15?
6
Calculate the remainder when 63035 is divided by 63004.
31
What is the remainder when 135602 is divided by 741?
740
What is the remainder when 336 is divided by 217?
119
What is the remainder when 57146 is divided by 66?
56
What is the remainder when 1743 is divided by 1706?
37
What is the remainder when 808 is divided by 15?
13
Calculate the remainder when 20988 is divided by 2997.
9
What is the remainder when 14625 is divided by 159?
156
Calculate the remainder when 67532 is divided by 22405.
317
Calculate the remainder when 37165 is divided by 100.
65
Calculate the remainder when 19964 is divided by 227.
215
Calculate the remainder when 16366 is divided by 63.
49
Calculate the remainder when 6852554 is divided by 177.
176
What is the remainder when 28349 is divided by 9?
8
What is the remainder when 3199 is divided by 18?
13
Calculate the remainder when 4183 is divided by 524.
515
What is the remainder when 5702 is divided by 60?
2
What is the remainder when 29037 is divided by 88?
85
Calculate the remainder when 1895 is divided by 118.
7
Calculate the remainder when 93598 is divided by 75.
73
Calculate the remainder when 60611 is divided by 166.
21
Calculate the remainder when 3365 is divided by 225.
215
Calculate the remainder when 11713 is divided by 93.
88
What is the remainder when 685 is divided by 403?
282
Calculate the remainder when 5611 is divided by 1866.
13
Calculate the remainder when 2253152 is divided by 1820.
1812
Calculate the remainder when 1133029 is divided by 67.
59
What is the remainder when 49811 is divided by 185?
46
What is the remainder when 72234 is divided by 67?
8
What is the remainder when 22909 is divided by 118?
17
Calculate the remainder when 13354 is divided by 42.
40
Calculate the remainder when 252625 is divided by 119.
107
Calculate the remainder when 1759 is divided by 533.
160
What is the remainder when 813 is divided by 163?
161
What is the remainder when 17342 is divided by 36?
26
What is the remainder when 1797 is divided by 24?
21
Calculate the remainder when 30978 is divided by 80.
18
Calculate the remainder when 1035094 is divided by 39.
34
Calculate the remainder when 1127445 is divided by 39.
33
Calculate the remainder when 42253 is divided by 358.
9
What is the remainder when 38191 is divided by 553?
34
What is the remainder when 1498785 is divided by 372?
369
Calculate the remainder when 1284353 is divided by 256869.
8
Calculate the remainder when 20555141 is divided by 34.
33
Calculate the remainder when 704 is divided by 194.
122
What is the remainder when 26488 is divided by 285?
268
What is the remainder when 717646 is divided by 107?
104
Calculate the remainder when 1581 is divided by 205.
146
Calculate the remainder when 312829 is divided by 34758.
7
Calculate the remainder when 1097 is divided by 70.
47
What is the remainder when 87655 is divided by 771?
532
Calculate the remainder when 8915 is divided by 87.
41
What is the remainder when 12696 is divided by 963?
177
Calculate the remainder when 2597 is divided by 9.
5
What is the remainder when 185660 is divided by 92829?
2
What is the remainder when 22061 is divided by 12?
5
What is the remainder when 65246 is divided by 1004?
990
Calculate the remainder when 1312992 is divided by 813.
810
Calculate the remainder when 33811 is divided by 191.
4
Calculate the remainder when 19337 is divided by 39.
32
What is the remainder when 22687 is divided by 1120?
287
What is the remainder when 8496 is divided by 2787?
135
What is the remainder when 98620 is divided by 95?
10
What is the remainder when 278571 is divided by 394?
13
Calculate the remainder when 2841 is divided by 52.
33
Calculate the remainder when 40079 is divided by 12.
11
Calculate the remainder when 16771 is divided by 14.
13
Calculate the remainder when 5534 is divided by 1998.
1538
Calculate the remainder when 957 is divided by 810.
147
What is the remainder when 1032509 is divided by 129061?
21
Calculate the remainder when 16385 is divided by 129.
2
Calculate the remainder when 22398 is divided by 860.
38
Calculate the remainder when 141447 is divided by 837.
831
What is the remainder when 257376 is divided by 11?
9
What is the remainder when 20570 is divided by 192?
26
What is the remainder when 75969 is divided by 36?
9
Calculate the remainder when 4650 is divided by 907.
115
What is the remainder when 39760 is divided by 19860?
40
Calculate the remainder when 10213 is divided by 3399.
16
Calculate the remainder when 1536099 is divided by 10.
9
Calculate the remainder when 50391 is divided by 10076.
11
Calculate the remainder when 2207 is divided by 744.
719
What is the remainder when 24085 is divided by 2674?
19
Calculate the remainder when 19380 is divided by 9673.
34
Calculate the remainder when 1091 is divided by 389.
313
Calculate the remainder when 5055 is divided by 629.
23
Calculate the remainder when 12044 is divided by 118.
8
Calculate the remainder when 270 is divided by 138.
132
Calculate the remainder when 5305 is divided by 277.
42
Calculate the remainder when 74342 is divided by 559.
554
Calculate the remainder when 31956 is divided by 1182.
42
What is the remainder when 2156 is divided by 1077?
2
Calculate the remainder when 21105 is divided by 1328.
1185
Calculate the remainder when 316023 is divided by 52663.
45
Calculate the remainder when 65121 is divided by 162.
159
Calculate the remainder when 67450 is divided by 187.
130
Calculate the remainder when 395474 is divided by 557.
4
Calculate the remainder when 5664 is divided by 101.
8
Calculate the remainder when 2113 is divided by 760.
593
What is the remainder when 301606 is divided by 426?
424
What is the remainder when 9667 is divided by 23?
7
What is the remainder when 2183 is divided by 138?
113
What is the remainder when 79554 is divided by 24?
18
Calculate the remainder when 2776 is divided by 907.
55
What is the re